
29
Let i(u) = -218*u - 1874. Calculate i(-9).
88
Let u(k) = k**2 + 15*k + 118. Calculate u(19).
764
Let a(j) = 197*j - 1341. Calculate a(7).
38
Let a(r) = 53*r - 1138. Give a(21).
-25
Let b(r) = -270*r - 713. What is b(-3)?
97
Let m(b) = 491*b - 997. Give m(2).
-15
Let o(d) = -22*d + 14. Give o(7).
-140
Let d(q) = -2*q**3 - 13*q**2 + 1528*q + 9204. Calculate d(-6).
0
Let k(v) = 1496*v - 6003. Calculate k(4).
-19
Let a(r) = r**2 + 89*r - 875. Give a(-98).
7
Let l(v) = -v**2 + 14*v - 10. What is l(23)?
-217
Let i(x) = -2*x**3 - 48*x**2 - 199*x - 1. Give i(-6).
-103
Let l(i) = -3*i**2 + 64*i + 144. Determine l(-2).
4
Let x(f) = 6*f**2 + 64*f - 2. Give x(-12).
94
Let i(m) = 9*m**2 + 28*m + 113. Determine i(-5).
198
Let i(l) = -2*l**3 + 46*l**2 - l + 21. What is i(23)?
-2
Let d(a) = 48*a + 163. What is d(-4)?
-29
Let z(p) = p**2 + 5*p - 60. What is z(-20)?
240
Let l(k) = 17*k - 256. Calculate l(-10).
-426
Let d(m) = 548*m + 12053. Give d(-22).
-3
Let y(f) = -2110*f + 23215. What is y(11)?
5
Let y(c) = -78*c + 119. Determine y(2).
-37
Let f(h) = -h**3 + 20*h**2 + h - 29. Give f(20).
-9
Let w(l) = l**3 - 74*l**2 + 70*l + 383. Determine w(73).
164
Let j(b) = 760*b + 4556. Determine j(-6).
-4
Let d(x) = x + 3. Give d(-3).
0
Let m(k) = -18*k - 470. Calculate m(-22).
-74
Let z(b) = -b**2 - 2*b + 1084. What is z(32)?
-4
Let f(h) = h**3 - 19*h**2 + 83*h + 26. What is f(9)?
-37
Let s(q) = -286*q + 3728. What is s(13)?
10
Let o(j) = -121*j - 3651. Give o(-30).
-21
Let b(x) = -23*x**2 + 15*x - 39. What is b(-5)?
-689
Let z(d) = -d**3 - 3*d**2 + 19*d - 50. What is z(6)?
-260
Let z(g) = -3*g**3 + 78*g**2 - 4*g + 97. Determine z(26).
-7
Let i(x) = 3855*x - 138782. What is i(36)?
-2
Let v(w) = -6288*w - 37781. Determine v(-6).
-53
Let t(g) = -26*g + 607. Calculate t(24).
-17
Let q(u) = 76*u - 5547. What is q(73)?
1
Let t(y) = -y**2 - 78*y + 338. Give t(4).
10
Let c(t) = -10*t + 322. What is c(9)?
232
Let n(s) = -4*s**3 - 77*s**2 - 16*s + 42. What is n(-19)?
-15
Let j(o) = -9*o**2 + 129*o - 246. Determine j(12).
6
Let b(j) = 1059*j + 19039. What is b(-18)?
-23
Let z(l) = -2*l**2 + 28*l - 20. Give z(15).
-50
Let v(y) = -5*y**2 - 84*y + 121. Give v(-18).
13
Let r(b) = -6*b**3 + 7*b**2 - 13*b - 5. Calculate r(2).
-51
Let a(g) = g**3 + 7*g**2 + 14*g + 50. What is a(-6)?
2
Let l(z) = -z**3 + 28*z**2 + 61*z + 8. Calculate l(30).
38
Let h(x) = -1352*x + 4050. Determine h(3).
-6
Let d(v) = -v**3 - 38*v**2 + 225*v + 425. Determine d(-43).
-5
Let c(w) = 3*w**2 - 38*w - 37. Give c(14).
19
Let r(m) = m**2 - 464*m + 2304. Give r(5).
9
Let i(k) = 26*k - 34. Calculate i(5).
96
Let b(x) = x**2 + 31*x - 129. What is b(-35)?
11
Let t(c) = c**2 + 28*c - 287. Calculate t(-35).
-42
Let g(u) = 2*u**3 - 23*u**2 + 54*u + 60. Give g(8).
44
Let c(d) = -2*d**2 + 60*d + 7787. Give c(79).
45
Let u(r) = r**3 - r**2 + 10*r - 2. What is u(0)?
-2
Let s(y) = -2958*y - 50290. Determine s(-17).
-4
Let k(r) = 318*r - 2543. What is k(8)?
1
Let i(j) = 45*j**2 - 179*j + 141. Calculate i(3).
9
Let x(v) = 3*v**2 - 24*v - 140. What is x(-5)?
55
Let k(t) = t**2 + 12*t - 505. Determine k(-30).
35
Let k(m) = 5*m + 69. Determine k(-33).
-96
Let i(k) = 3*k**3 - 64*k**2 - 33*k - 34. Give i(22).
208
Let z(b) = b**3 - 111*b**2 + 728*b - 15. Determine z(7).
-15
Let f(d) = 1034*d - 2284. Determine f(2).
-216
Let x(g) = 41*g + 147. Give x(-5).
-58
Let r(d) = -2*d**3 - 19*d**2 + 24*d + 3. Determine r(-11).
102
Let f(n) = -124*n - 47. Determine f(-2).
201
Let t(j) = -135*j - 9432. What is t(-70)?
18
Let f(v) = v**3 - 24*v**2 - 9*v - 13. Give f(25).
387
Let v(j) = -128*j**2 + 14207*j + 122. Determine v(111).
11
Let s(d) = -468*d**3 + d**2 - 13*d - 14. Give s(-1).
468
Let n(b) = b**2 + 17*b + 117. Determine n(-5).
57
Let m(d) = -d**3 + 51*d**2 - 159*d + 5444. Calculate m(50).
-6
Let x(s) = -s**2 - 67*s - 532. Calculate x(-8).
-60
Let k(h) = -3700*h + 22196. Calculate k(6).
-4
Let i(w) = 15*w**2 + 13*w - 17. Calculate i(4).
275
Let f(m) = m**2 - 18*m + 19. What is f(16)?
-13
Let m(p) = 82*p + 571. What is m(-7)?
-3
Let c(u) = -7*u**2 + 184*u + 528. Calculate c(29).
-23
Let l(n) = -582*n - 4146. What is l(-7)?
-72
Let v(c) = -1879*c - 3726. Determine v(-2).
32
Let c(p) = -p**3 - 55*p**2 - 108*p - 177. Calculate c(-53).
-71
Let j(b) = 800*b + 95198. Determine j(-119).
-2
Let p(i) = 2*i**2 - 59*i + 79. Calculate p(27).
-56
Let y(s) = -3*s**2 - 178*s - 1844. Give y(-46).
-4
Let w(a) = 224*a + 6609. Calculate w(-29).
113
Let s(p) = -13*p**2 + 231*p + 53. What is s(18)?
-1
Let m(t) = -t**2 - 121*t + 1310. Calculate m(-131).
0
Let j(u) = -u**2 - 454*u - 2240. Determine j(-5).
5
Let l(c) = -2*c + 205. What is l(107)?
-9
Let o(a) = -a**2 + a + 25. Determine o(-5).
-5
Let g(v) = 3230*v + 19382. Calculate g(-6).
2
Let w(l) = -l + 22. Determine w(10).
12
Let r(y) = 2*y**3 - 14*y**2 + 30*y + 23. What is r(3)?
41
Let a(k) = k**3 + 15*k**2 + 5*k - 46. Calculate a(-14).
80
Let d(h) = h**3 + 36*h**2 - 99*h - 819. What is d(-38)?
55
Let f(l) = 33*l + 303. Determine f(-8).
39
Let t(w) = 114*w + 849. What is t(-8)?
-63
Let l(t) = t**3 + 206*t**2 + 2515*t + 1117. Give l(-193).
-41
Let n(t) = t**2 - 2412*t - 12092. What is n(-5)?
-7
Let d(a) = 2*a**3 + 4*a + 9. What is d(-2)?
-15
Let a(l) = -159*l + 2383. Give a(15).
-2
Let x(t) = 96*t + 10. What is x(2)?
202
Let w(a) = 9*a**3 + 80*a**2 - 9*a - 11. Determine w(-9).
-11
Let l(j) = j**2 - 15*j + 40. What is l(12)?
4
Let l(d) = -16*d**2 + 5*d - 1. Determine l(-1).
-22
Let c(p) = p**3 + 91*p**2 + 1008*p - 476. What is c(-78)?
-8
Let w(m) = 2*m**3 + 65*m**2 - 16*m + 556. Calculate w(-33).
-5
Let o(h) = -81*h + 1237. What is o(14)?
103
Let o(v) = -2*v**2 + 6*v + 58. Determine o(9).
-50
Let g(z) = 37*z**3 - 3*z**2 + 2*z - 3. Determine g(-2).
-315
Let w(o) = -3*o**2 - 35*o + 58. Give w(-12).
46
Let v(z) = -14*z**2 - 1356*z + 1558. Give v(-98).
-10
Let x(d) = -579*d - 2341. Calculate x(-4).
-25
Let r(z) = 213*z + 190. What is r(-2)?
-236
Let s(t) = t**2 - t - 58. Give s(-20).
362
Let u(h) = 46*h + 679. Give u(-13).
81
Let p(r) = -615*r - 3054. Determine p(-5).
21
Let s(h) = h**3 + 86*h**2 + 1838*h - 94. Determine s(-46).
-2
Let o(q) = 11*q**2 + 974*q - 1941. Calculate o(2).
51
Let o(t) = -194*t + 23282. Give o(120).
2
Let q(r) = -r**3 + 29*r**2 - 75*r - 607. Calculate q(25).
18
Let p(t) = t**3 - 12*t**2 - 6*t + 77. Give p(12).
5
Let n(d) = 52*d + 556. Calculate n(-11).
-16
Let b(u) = 2*u**2 - 24*u - 38. Calculate b(20).
282
Let w(z) = z**2 + 483*z - 7477. Calculate w(15).
-7
Let o(v) = 10*v**2 - 136*v - 23. Calculate o(13).
-101
Let n(d) = 87*d - 358. Determine n(4).
-10
Let h(f) = -48*f - 1106. Determine h(-23).
-2
Let f(c) = -c**3 - 38*c**2 - 100*c + 174. Give f(-35).
-1
Let y(n) = 32*n - 122. Determine y(4).
6
Let a(v) = -7633*v - 7624. Give a(-1).
9
Let g(y) = -234*y + 82. Determine g(-2).
550
Let i(s) = 31*s**2 - 3350*s + 217. What is i(108)?
1
Let d(w) = -6*w + 216. Determine d(33).
18
Let b(x) = -x**3 - 25*x**2 - 9*x + 359. What is b(-24)?
-1
Let r(q) = -q**3 + 11*q**2 - 17*q + 17. Determine r(4).
61
Let t(h) = h**3 + 89*h**2 + 718*h + 8. Calculate t(-9).
26
Let y(a) = -72*a - 127. What is y(-4)?
161
Let r(q) = -27*q - 1477. Give r(-56).
35
Let x(p) = -126*p - 8186. Calculate x(-65).
4
Let r(j) = j**3 + 40*j**2 + 29*j - 384. What is r(-39)?
6
Let q(w) = -w + 40. Calculate q(44).
-4
Let d(z) = -z**2 + 68*z + 604. Determine d(76).
-4
Let r(o) = -o**3 + 12*o**2 + 157*o - 1859. Give r(13).
13
Let s(p) = 53*p**3 + 740*p**2 - 37*p - 126. Calculate s(-14).
0
Let c(g) = 23*g**3 - 139*g**2 + 10*g - 15. Calculate c(6).
9
Let c(t) = -28*t - 275. Give c(-12).
61
Let h(i) = 6*i + 137. Determine h(-31).
-49
Let h(u) = -139*u - 812. Calculate h(-5).
-117
Let l(k) = -351*k + 3856. Give l(11).
-5
Let z(s) = 23*s + 246. Give z(-9).
39
Let m(u) = 3443*u - 37871. Give m(11).
2
Let b(t) = 4*t**3 + 170*t**2 - 89*t - 94. Give b(-43).
35
Let j(q) = -q**2 - 75*q + 49. Give j(-76).
-27
Let f(y) = -280*y - 854. Calculate f(-3).
-14
Let o(r) = 6*r**3 - 311*r**2 - 54*r + 66. What is o(52)?
-38
Let i(r) = -4*r**2 - 144*r + 533. Give i(-40).
-107
Let f(t) = 7*t**2 - 29*t - 12. Determine f(8).
204
Let o(w) = -15*w**3 - 148*w**2 + 59*w + 384. Give o(-10).
-6
Let w(q) = -q**3 + 17*q**2 + 26*q - 40. Calculate w(14).
912
Let